8. List the prime factors of l.
5, 7
What are the prime factors of (-4)/(-8) + (-708)/(-8)?
89
Let y(t) = -t - 1. Let q(u) = 5*u + 14. Let c(v) = -q(v) - 3*y(v). List the prime factors of c(-12).
13
Suppose 0 = -45*c + 41*c + 536. What are the prime factors of c?
2, 67
Suppose -4*w + 4 = -2*w. Let k(b) = -1 + w - b - 5. List the prime factors of k(-7).
3
Let p(l) = -l**3 + 2*l**2 + 1. Let r be p(3). Let g be (-5)/20 - 10/r. Suppose -u + g + 11 = 0. What are the prime factors of u?
2, 3
Suppose -y - 3*f - 13 = 0, -4 = 2*y - 4*f - 8. Let i = y + 7. List the prime factors of i.
3
Suppose -4*t + r - 178 = -5*t, 2*t - 368 = 4*r. What are the prime factors of t?
2, 3, 5
Let z(f) = -f**2 + 4*f. Let l = -2 - -5. Let x be z(l). What are the prime factors of (-1 - 38)*x/(-9)?
13
Suppose 4 - 28 = v. Let x = -46 - -29. Let a = x - v. What are the prime factors of a?
7
Let o = -13 - -13. Let g(a) = 2*a - 7. Let v be g(5). What are the prime factors of v + -4 + (8 - o)?
7
Let c(g) = -8*g**2 - 2*g + 2. Let x be c(1). List the prime factors of -12*-2*(-7)/x.
3, 7
Suppose h - 25 = -5*i, h + 5 = -2*h + i. Suppose -u - 3*s = -16 - 11, h = 4*s + 8. What are the prime factors of u?
3, 11
Let x(q) = q**3 + 12*q**2 + 11. List the prime factors of x(-12).
11
List the prime factors of -3*3/(-18)*10.
5
Let g(s) = -12*s + 2*s + 2*s - 3. List the prime factors of g(-4).
29
Let d = -16 + 22. Let t(b) = -16*b - 10. Let a(z) = -3*z - 2. Let s(p) = -11*a(p) + 2*t(p). What are the prime factors of s(d)?
2
Suppose -8 = 5*j + 2. Let p be j*(-3 + 2) + -2. Suppose 2*r + 3*q - 31 = p, r - q = -0*r + 13. What are the prime factors of r?
2, 7
List the prime factors of (-16)/(-4)*(3 + -1).
2
Let r(a) = -73*a - 27. List the prime factors of r(-6).
3, 137
Let x = 9 - -12. Suppose -4*c + x = -19. List the prime factors of c.
2, 5
Let a(q) = -2 + 0*q - 3*q + 0. What are the prime factors of a(-3)?
7
Suppose -d + 2*d - 2 = 0. Suppose 0 = -4*j + 3*j - 4, -p + 40 = -d*j. Suppose 6*m - m + p = 4*y, 16 = 2*y - 4*m. What are the prime factors of y?
2
Let q(k) = -k - 1. Let b be q(-4). Suppose -l + 33 = 4*h - 60, -4*h = -b*l - 89. What are the prime factors of h?
23
Let j be 12/2*8/(-6). List the prime factors of -1*4/j*36.
2, 3
Suppose c - 5*v + 15 = -4*c, 3*c - 5*v = -13. Let q be (c*5 - -2)*-1. Suppose 33 = 5*a + q. List the prime factors of a.
2, 3
Let t(w) be the second derivative of -w**4/12 + 2*w**3/3 - w**2/2 + 4*w. Let h be t(3). Suppose 5*k = 5, -h*x + 3*x + 4*k = 11. What are the prime factors of x?
7
Suppose 6 + 4 = 2*f. What are the prime factors of f?
5
Suppose r - 27 = a, 3*a = 4*r - 6*r + 34. Suppose -r = -2*u + 21. What are the prime factors of u?
2, 11
Let x be 6/(-24) - (-23)/(-4). Let w(z) = z + 3. Let m be w(x). List the prime factors of m/5 - (-28)/5.
5
Let w = -2 - -4. Let s(f) = -f**3 + 4*f**2. Let h be s(w). Let b(t) = t**2 - 8*t + 4. List the prime factors of b(h).
2
Let x(r) = -2*r - 6. Let d be x(-5). What are the prime factors of 135/18*d/6?
5
Let u(i) = -i + 14. Let p be u(5). Suppose -p*b + 5*b = -184. List the prime factors of b.
2, 23
Let j(o) = -o**3 - 14*o**2 - 13*o + 13. Let f be j(-13). Let k = f - -2. List the prime factors of k.
3, 5
Let b(j) = -j**3 + 3*j**2 + 5*j. Let o be b(4). Suppose -16 = -w - o. List the prime factors of w.
2, 3
Suppose 3*d = x + 256, -72 = -0*d - d + 3*x. What are the prime factors of d?
3, 29
Let z be (-2 + 15/6)*8. Suppose -3*g = -z*g + 14. What are the prime factors of g?
2, 7
Let b be 0/(-3 + (-4)/(-2)). Let h = b + 4. Suppose 18 = h*m - 2*m - 3*p, -4*m = p - 36. What are the prime factors of m?
3
Suppose -7*t = -9*t + 354. List the prime factors of t.
3, 59
Let x(v) = -8*v - 6. What are the prime factors of x(-6)?
2, 3, 7
Let f(u) be the first derivative of -u**4/4 - u**3 + 3*u**2 - 7*u + 1. Let d be 0 + 2*(-20)/8. What are the prime factors of f(d)?
13
Let v be (-392)/(-18) - 4/(-18). Suppose -5*z = 7 - v. Suppose -4*w + 46 = 3*h, 3*h + 24 = z*w - 0. List the prime factors of w.
2, 5
Let d = 9 - 2. List the prime factors of d.
7
Let i(r) = r**2 + 3*r + 5. Let o be i(-4). Let a(c) = -c**3 + 9*c**2 + 2*c - 11. Let l be a(o). What are the prime factors of 61/l - 2/(-7)?
3
Let n(u) = -u**3 - 4*u**2 + 7*u + 6. Let a be n(-5). Let v be 9/(-2) - 2/a. Let l(k) = k + 6. List the prime factors of l(v).
2
Let o = -88 + 148. Suppose x = -4*x + o. List the prime factors of x.
2, 3
Suppose -4*x + 3*o + 0*o + 105 = 0, 0 = -3*x - 5*o + 115. What are the prime factors of x?
2, 3, 5
Suppose a + 2*a - 11 = b, 5*b + a - 9 = 0. Suppose -5*t = -3*y + 60, 2*y - 39 = -4*t + b. List the prime factors of y.
2, 5
Let t(d) = -3*d - 27. Let y be t(-9). Let v be (1 - 1)*(0 - -1). Suppose y = w - v*q - 2*q - 5, 3*q - 6 = 0. What are the prime factors of w?
3
Suppose -3*s - 40 = -5*s - 4*b, 5*s = 4*b + 100. What are the prime factors of s?
2, 5
Suppose 6 = 3*x - 0. Let g be 6*(-1)/x*-1. Suppose -y + 2*k = g*y - 78, k + 57 = 3*y. What are the prime factors of y?
2, 3
Suppose -3*r = -0*r - 87. Let q(h) = h**2 + 1. Let o be q(-2). Suppose -2*n = s - o - 2, -2*n = -3*s + r. What are the prime factors of s?
3
Suppose -20 - 7 = -3*x. Suppose -b + 0 = -4*u + x, 3*b = -2*u + 15. List the prime factors of u.
3
Suppose -2*u - 3*w + 230 = 0, -485 - 73 = -5*u + w. List the prime factors of u.
2, 7
Let y(t) be the second derivative of 1/4*t**4 + 3*t + 0 - 1/6*t**3 - t**2. List the prime factors of y(2).
2
Let a(u) = -4*u**3 + 2*u**2 - 5*u - 5. List the prime factors of a(-3).
2, 17
Let j = 6 + -7. Let r(y) = -13*y. List the prime factors of r(j).
13
Let v(a) = 35*a + 4. What are the prime factors of v(2)?
2, 37
Let b = -10 - -11. List the prime factors of b/(-4) + (-90)/(-8).
11
What are the prime factors of (-77)/(-4) + 27/36?
2, 5
Suppose -5 = 2*w + 3. What are the prime factors of 1104/78 + w/26?
2, 7
Suppose 4*r = r. Let q(g) = 3*g**2 + 2*g - 1. Let j be q(1). Suppose r = j*k - 17 - 59. List the prime factors of k.
19
What are the prime factors of 73 - (1 + 7/(21/6))?
2, 5, 7
Let b(o) = o**2 - 7*o - 3. Let s be b(8). Suppose -s*y + 19 = -j, -3*j + 4 = 1. Suppose -5*t = -3*t + y*g + 8, 32 = 2*t - 4*g. List the prime factors of t.
2, 3
Let d = 24 + -12. Suppose 5*u - 4*b = 41, -4*b = -7*b - d. Suppose 5*y - 1 = a + 2, 7 = u*a - 3*y. What are the prime factors of a?
2
Suppose -4*c + 0*c = 4. Let y = 7 + c. Suppose -p = -y*p + 75. What are the prime factors of p?
3, 5
Let f(z) = -z**3 - 7*z**2 + 9*z + 9. Let h be f(-8). List the prime factors of 27/((5 + -4)*h).
3
Suppose -3*a - 5*p = -342 - 27, 5*a = -2*p + 634. What are the prime factors of a?
2
Suppose -16 = -5*y + 19. List the prime factors of 150/y + 6/(-14).
3, 7
Let r(s) be the second derivative of -s**3/6 + 8*s**2 - s. What are the prime factors of r(0)?
2
Suppose i - 19 = 42. List the prime factors of i.
61
Let w = -80 - -20. Let d = w - -107. What are the prime factors of d?
47
Let u(t) = -t + 13. Let n be u(11). Suppose 0 = -5*r + 5*l + 5, -r - n*r + 19 = 5*l. Suppose -h + 0*h + r = 0. List the prime factors of h.
3
Let g(p) = p**2 + p. Let c be g(-5). Suppose c = h + 3*h. Suppose -5*m = 2*o - h, 2*o + 3 - 2 = -3*m. List the prime factors of m.
3
Suppose -12*d + 11*d + 44 = 0. What are the prime factors of d?
2, 11
Suppose -3*t + 2*r + 6 = r, -3*r + 9 = 0. Let b be t*(2 - 3/3). Suppose l + b*l = 24. List the prime factors of l.
2, 3
What are the prime factors of 624/(-18)*6/(-4)?
2, 13
Let t = 2 + -2. Let d = t - -21. Suppose -2*n + n - 3*i = 0, 4*n + 5*i = d. List the prime factors of n.
3
Let y = 0 - -7. Suppose -8 = -5*z + y. Suppose -5*c + 37 = z*k, k + 0*k = 3*c + 17. What are the prime factors of k?
2, 7
Let j(u) = 1. Let p(z) = 2*z - 1. Let t(b) = -3*j(b) - p(b). Let c be t(-3). Suppose c*r - 5*a - 44 = -16, r = -a - 2. List the prime factors of r.
2
Let x(v) = -48*v. Let m be x(-2). Suppose 0*k + m = 5*k - 3*b, 5*k - 80 = -5*b. Suppose 3*z - k = -0*z. List the prime factors of z.
2, 3
Let m(s) = -114*s + 16. Let y be m(8). What are the prime factors of y/(-20) - 2/(-10)?
3, 5
Let i = 22 - -4. What are the prime factors of i?
2, 13
Let h = 3 - 1. Suppose h*m = 8 + 56. Suppose 2*n + 0*b = 2*b + m, -b = n - 6. List the prime factors of n.
11
Let q(c) = c + 10. Let r be q(-8). Suppose 0 = -s + 9 + r.